s the remainder when 779 is divided by 58?
25
What is the remainder when 7603 is divided by 45?
43
What is the remainder when 11949 is divided by 16?
13
Calculate the remainder when 91 is divided by 10.
1
What is the remainder when 1589 is divided by 369?
113
Calculate the remainder when 6198 is divided by 40.
38
Calculate the remainder when 1232 is divided by 19.
16
Calculate the remainder when 195 is divided by 67.
61
What is the remainder when 147 is divided by 34?
11
Calculate the remainder when 1037 is divided by 6.
5
Calculate the remainder when 116 is divided by 18.
8
Calculate the remainder when 16988 is divided by 72.
68
Calculate the remainder when 205 is divided by 90.
25
Calculate the remainder when 328 is divided by 47.
46
Calculate the remainder when 2068 is divided by 15.
13
Calculate the remainder when 143 is divided by 24.
23
What is the remainder when 83 is divided by 53?
30
Calculate the remainder when 1560 is divided by 51.
30
Calculate the remainder when 2048 is divided by 81.
23
What is the remainder when 9 is divided by 1?
0
What is the remainder when 150 is divided by 8?
6
What is the remainder when 3193 is divided by 100?
93
What is the remainder when 2021 is divided by 44?
41
Calculate the remainder when 3518 is divided by 15.
8
Calculate the remainder when 547 is divided by 242.
63
What is the remainder when 2354 is divided by 60?
14
Calculate the remainder when 759 is divided by 43.
28
What is the remainder when 888 is divided by 10?
8
What is the remainder when 283 is divided by 23?
7
What is the remainder when 4605 is divided by 32?
29
What is the remainder when 868 is divided by 136?
52
What is the remainder when 555 is divided by 113?
103
What is the remainder when 1759 is divided by 19?
11
What is the remainder when 185 is divided by 48?
41
Calculate the remainder when 16 is divided by 3.
1
What is the remainder when 132 is divided by 28?
20
Calculate the remainder when 2868 is divided by 87.
84
What is the remainder when 54 is divided by 2?
0
What is the remainder when 52 is divided by 20?
12
Calculate the remainder when 339 is divided by 114.
111
Calculate the remainder when 579 is divided by 327.
252
What is the remainder when 296 is divided by 26?
10
What is the remainder when 798 is divided by 113?
7
What is the remainder when 217 is divided by 51?
13
Calculate the remainder when 18966 is divided by 6321.
3
Calculate the remainder when 420 is divided by 128.
36
Calculate the remainder when 107 is divided by 29.
20
Calculate the remainder when 520 is divided by 19.
7
What is the remainder when 114 is divided by 15?
9
What is the remainder when 135 is divided by 5?
0
What is the remainder when 27 is divided by 16?
11
What is the remainder when 736 is divided by 82?
80
Calculate the remainder when 368 is divided by 89.
12
What is the remainder when 1228 is divided by 19?
12
Calculate the remainder when 767 is divided by 10.
7
Calculate the remainder when 584 is divided by 22.
12
Calculate the remainder when 3075 is divided by 57.
54
What is the remainder when 331 is divided by 25?
6
Calculate the remainder when 25 is divided by 14.
11
What is the remainder when 779 is divided by 78?
77
What is the remainder when 259 is divided by 52?
51
Calculate the remainder when 395 is divided by 67.
60
What is the remainder when 1136 is divided by 53?
23
Calculate the remainder when 712 is divided by 22.
8
Calculate the remainder when 441 is divided by 75.
66
Calculate the remainder when 643 is divided by 93.
85
Calculate the remainder when 1214 is divided by 81.
80
Calculate the remainder when 642 is divided by 31.
22
Calculate the remainder when 1925 is divided by 92.
85
What is the remainder when 1092 is divided by 137?
133
What is the remainder when 309 is divided by 8?
5
Calculate the remainder when 520 is divided by 44.
36
Calculate the remainder when 371 is divided by 88.
19
What is the remainder when 7265 is divided by 13?
11
What is the remainder when 841 is divided by 49?
8
What is the remainder when 3089 is divided by 256?
17
What is the remainder when 2960 is divided by 38?
34
What is the remainder when 252 is divided by 40?
12
What is the remainder when 11637 is divided by 228?
9
What is the remainder when 113 is divided by 10?
3
What is the remainder when 549 is divided by 106?
19
Calculate the remainder when 545 is divided by 182.
181
What is the remainder when 9779 is divided by 30?
29
What is the remainder when 4105 is divided by 111?
109
What is the remainder when 852 is divided by 846?
6
Calculate the remainder when 5576 is divided by 143.
142
Calculate the remainder when 251 is divided by 46.
21
What is the remainder when 739 is divided by 57?
55
What is the remainder when 224 is divided by 57?
53
Calculate the remainder when 1203 is divided by 9.
6
What is the remainder when 1099 is divided by 53?
39
What is the remainder when 3650 is divided by 44?
42
Calculate the remainder when 2432 is divided by 802.
26
Calculate the remainder when 4934 is divided by 4.
2
What is the remainder when 233 is divided by 89?
55
What is the remainder when 516 is divided by 10?
6
What is the remainder when 11 is divided by 7?
4
What is the remainder when 188 is divided by 21?
20
Calculate the remainder when 1606 is divided by 23.
19
Calculate the remainder when 237 is divided by 46.
7
What is the remainder when 19 is divided by 12?
7
What is the remainder when 1667 is divided by 113?
85
What is the remainder when 105 is divided by 45?
15
What is the remainder when 118 is divided by 117?
1
Calculate the remainder when 1768 is divided by 258.
220
Calculate the remainder when 2065 is divided by 26.
11
Calculate the remainder when 145 is divided by 21.
19
Calculate the remainder when 170 is divided by 29.
25
What is the remainder when 488 is divided by 32?
8
Calculate the remainder when 60 is divided by 22.
16
What is the remainder when 167 is divided by 21?
20
Calculate the remainder when 61 is divided by 25.
11
What is the remainder when 48 is divided by 13?
9
Calculate the remainder when 601 is divided by 62.
43
Calculate the remainder when 195 is divided by 140.
55
What is the remainder when 63 is divided by 55?
8
Calculate the remainder when 3675 is divided by 135.
30
Calculate the remainder when 3083 is divided by 49.
45
Calculate the remainder when 74 is divided by 19.
17
What is the remainder when 915 is divided by 21?
12
What is the remainder when 138 is divided by 45?
3
Calculate the remainder when 139 is divided by 52.
35
Calculate the remainder when 206 is divided by 59.
29
What is the remainder when 1065 is divided by 17?
11
Calculate the remainder when 176 is divided by 62.
52
What is the remainder when 472 is divided by 72?
40
Calculate the remainder when 6424 is divided by 14.
12
Calculate the remainder when 77 is divided by 21.
14
What is the remainder when 417 is divided by 21?
18
What is the remainder when 425 is divided by 119?
68
Calculate the remainder when 898 is divided by 129.
124
Calculate the remainder when 103 is divided by 26.
25
What is the remainder when 2866 is divided by 47?
46
What is the remainder when 1336 is divided by 328?
24
Calculate the remainder when 31869 is divided by 203.
201
What is the remainder when 1471 is divided by 1461?
10
Calculate the remainder when 80339 is divided by 412.
411
Calculate the remainder when 60 is divided by 16.
12
Calculate the remainder when 331 is divided by 27.
7
What is the remainder when 14191 is divided by 249?
247
What is the remainder when 3715 is divided by 186?
181
What is the remainder when 3620 is divided by 51?
50
Calculate the remainder when 331 is divided by 42.
37
What is the remainder when 4499 is divided by 3?
2
Calculate the remainder when 4596 is divided by 43.
38
Calculate the remainder when 5169 is divided by 48.
33
What is the remainder when 1621 is divided by 29?
26
What is the remainder when 2757 is divided by 15?
12
Calculate the remainder when 296 is divided by 20.
16
Calculate the remainder when 3027 is divided by 18.
3
What is the remainder when 134 is divided by 31?
10
Calculate the remainder when 57 is divided by 40.
17
Calculate the remainder when 124 is divided by 8.
4
What is the remainder when 238 is divided by 61?
5